{"id":16,"date":"2024-03-14T00:10:12","date_gmt":"2024-03-13T23:10:12","guid":{"rendered":"https:\/\/www.luxlug.lu\/?page_id=16"},"modified":"2024-03-14T00:10:12","modified_gmt":"2024-03-13T23:10:12","slug":"clubgeschichte","status":"publish","type":"page","link":"https:\/\/www.luxlug.lu\/index.php\/clubgeschichte\/","title":{"rendered":"Clubgeschichte"},"content":{"rendered":"\n<p><strong>Gr\u00fcndung der LuxLug a.s.b.l.<\/strong><\/p>\n\n\n\n<p>Anno 2010 wurde unser Verein am 6. Dezember gegr\u00fcndet und offiziell am 24. Dezember anerkannt als a.s.b.l. seitens der zust\u00e4ndigen Beh\u00f6rden. Anfangs bestehend aus 5 Lego-Passionnierten Mitgliedern bestand nicht nur die Idee zur Gr\u00fcndung eines simplen Lego-Vereins, sondern die schrittweise Gr\u00fcndung einer international anerkannten Lug (Lego User Group), welche mit anderen Lugs sowie vielleicht Lego selbst zusammenarbeiten kann. Deshalb auch die Wahl des Namens LuxLug Luxembourg Lego User Group a.s.b.l.; abgek\u00fcrzt einfach LuxLug.<\/p>\n\n\n<div class=\"wp-block-image\">\n<figure class=\"aligncenter\"><a href=\"http:\/\/www.luxlug.lu\/wp-content\/uploads\/2013\/03\/100_1020.jpg\"><img decoding=\"async\" src=\"http:\/\/www.luxlug.lu\/wp-content\/uploads\/2013\/03\/100_1020-1024x760.jpg\" alt=\"100_1020\" class=\"wp-image-250\"\/><\/a><\/figure>\n<\/div>\n\n\n<p>Da der Club erst offiziell seit dem 24. Dezember besteht, hatten wir f\u00fcr 2010 keine Aktivit\u00e4ten zu verzeichnen ausser dass wir den Meilenstein der Gr\u00fcndung unseres Vereins gelegt hatten. Kurz nach Gr\u00fcndung entstand \u00fcbrigens dieses MOC unseres Mitglieds Mosar Ren\u00e9.<\/p>\n\n\n\n<p>2011 war unser Verein noch in den Kinderschuhen; deshalb nahmen wir uns als erstes Ziel uns der Oeffentlichkeit zu pr\u00e4sentieren und begannen uns an Veranstaltungen anderer Vereine zu beteiligen. Auch besuchten wir einige Lego-Ausstellungen von deutschen und franz\u00f6sischen Lego-Vereinen. Ende 2011 hatte unser Verein bereits 13 Mitglieder sowie etliche Kontakte gekn\u00fcpft.<\/p>\n\n\n\n<p>Auch die Entwicklung des Vereins und die Orientierung wurde zusehends gepr\u00e4gt. Gegen Ende des Jahres kam uns die Idee &#8220;Workshops&#8221; f\u00fcr Kinder selbst im Verein zu organisieren, da es uns im Verein sehr wichtig ist unsere Passion weiterzugeben und Kinder f\u00fcr Lego zu begeistern.<\/p>\n\n\n<div class=\"wp-block-image\">\n<figure class=\"aligncenter\"><a href=\"http:\/\/www.luxlug.lu\/wp-content\/uploads\/2013\/03\/112.jpg\"><img decoding=\"async\" src=\"http:\/\/www.luxlug.lu\/wp-content\/uploads\/2013\/03\/112-1024x764.jpg\" alt=\"112\" class=\"wp-image-259\"\/><\/a><\/figure>\n<\/div>\n\n\n<figure class=\"wp-block-table\"><table><tbody><tr><td colspan=\"2\"><strong><u>Aktivit\u00e4ten\u00fcberblick 2011<\/u><\/strong><\/td><\/tr><tr><td>&nbsp;<\/td><td>&nbsp;<\/td><\/tr><tr><td>22.01.2011<\/td><td>Vorstandsversammlung<\/td><\/tr><tr><td>30.01.2011<\/td><td>Teilnahme an der Expo-Bourse in Berdorf organisiert von den &#8220;Letzebuerger Gaarde Bunn Frenn&#8221;<\/td><\/tr><tr><td>26.02.2011<\/td><td>Generalversammlung<\/td><\/tr><tr><td>10.03.2011<\/td><td>Vorstandsversammlung<\/td><\/tr><tr><td>20.03.2011<\/td><td>Vorstandsversammlung<\/td><\/tr><tr><td>20.05.2011<\/td><td>Vorstandsversammlung<\/td><\/tr><tr><td>08.06.2011<\/td><td>Vorstandsversammlung<\/td><\/tr><tr><td>11.09.2011<\/td><td>Besuch Expo-Lego Deutschland; &#8220;Steinland&#8221; in Idar-Oberstein<\/td><\/tr><tr><td>11.11.2011<\/td><td>Teilnahme am &#8220;32sten Deifferdenger Advents Konschthandwierkermoart&#8221;<\/td><\/tr><tr><td>12.11.2011<\/td><td>Teilnahme am &#8220;32sten Deifferdenger Advents Konschthandwierkermoart&#8221;<\/td><\/tr><tr><td>13.11.2011<\/td><td>Teilnahme am &#8220;32sten Deifferdenger Advents Konschthandwierkermoart&#8221;<\/td><\/tr><tr><td>19.11.2011<\/td><td>Teilnahme an der Ausstellung &#8220;Wanterz\u00e4it&#8221; organisiert vom syndicat d&#8217;initiative Jonglenster<\/td><\/tr><tr><td>20.11.2011<\/td><td>Teilnahme an der Ausstellung &#8220;Wanterz\u00e4it&#8221; organisiert vom syndicat d&#8217;initiative Jonglenster<\/td><\/tr><tr><td>27.11.2011<\/td><td>Besuch der Expo-Lego France; Saizerais (Nancy\/Lorraine)<\/td><\/tr><tr><td>03.12.2011<\/td><td>Teilnahme an der Lego-Expo-Bourse organisiert von der Legofrenn Letzebuerg a.s.b.l.<\/td><\/tr><tr><td>04.12.2011<\/td><td>Teilnahme an der Lego-Expo-Bourse organiseiert von der Legofrenn Letzebuerg a.s.b.l.<\/td><\/tr><tr><td>16.12.2011<\/td><td>Mitgliederversammlung im Caf\u00e9 Cascade in D\u00fcdelingen<\/td><\/tr><\/tbody><\/table><\/figure>\n\n\n\n<p>2012 begannen wir dann uns einzusetzen um die Kinderworkshops in die Tat umzusetzen; im Herbst 2012 war es dann endlich soweit. Desweiteren besuchten wir wieder die eine oder andere Ausstellung und unser Verein konnte gegen Ende 2012 schon immerhin 36 Mitglieder z\u00e4hlen.<\/p>\n\n\n<div class=\"wp-block-image\">\n<figure class=\"aligncenter\"><a href=\"http:\/\/www.luxlug.lu\/wp-content\/uploads\/2013\/03\/IMG_4091.jpg\"><img decoding=\"async\" src=\"http:\/\/www.luxlug.lu\/wp-content\/uploads\/2013\/03\/IMG_4091-1024x764.jpg\" alt=\"IMG_4091\" class=\"wp-image-264\"\/><\/a><\/figure>\n<\/div>\n\n\n<p>Mit dem Wuchs der Mitgliederzahl wuchsen auch wieder die Ideen sowie Anforderungen; da unsere Kinderworkshops mit der Begeisterung der Kinder uns wiederum begeisterten planten wir f\u00fcr 2013 dann statt 3 nun 7 Workshops zu organisieren sowie unsere erste eigens organisierte Ausstellung f\u00fcr Ende 2013 zu planen, p\u00fcnktlich zu unserem 3 j\u00e4hrigem Vereinsgeburtstag.<\/p>\n\n\n\n<figure class=\"wp-block-table\"><table><tbody><tr><td colspan=\"2\"><strong><u>Aktivit\u00e4ten\u00fcberblick 2012<\/u><\/strong><\/td><\/tr><tr><td>&nbsp;<\/td><td>&nbsp;<\/td><\/tr><tr><td>25.02.2012<\/td><td>Generalversammlung<\/td><\/tr><tr><td>10.03.2012<\/td><td>Eltern Versammlung betreffend Organisation von Lego-Workshops f\u00fcr Kinder<\/td><\/tr><tr><td>17.03.2012<\/td><td>Teilnahme am &#8220;29sten Deifferdenger Ouschter Hobby an Konschthandwierkermoart&#8221;<\/td><\/tr><tr><td>18.03.2012<\/td><td>Teilnahme am &#8220;29sten Deifferdenger Ouschter Hobby an Konschthandwierkermoart&#8221;<\/td><\/tr><tr><td>25.03.2012<\/td><td>Teilnahme an der Model-Bourse 2012 CTMM Montigny-les-Metz (France)<\/td><\/tr><tr><td>01.04.2012<\/td><td>Besuch der Expo-Lego Deutschland; Steineland 2012 Freisen<\/td><\/tr><tr><td>07.04.2012<\/td><td>Vorstandsversammlung<\/td><\/tr><tr><td>21.04.2012<\/td><td>Erster Lego-Workshop f\u00fcr Kinder in Oberkorn<\/td><\/tr><tr><td>30.06.2012<\/td><td>Besuch der Fanabriques 2012 in Rosheim France (Alsace)<\/td><\/tr><tr><td>&nbsp;<\/td><td>Zweiter Lego-Workshop f\u00fcr Kinder in Oberkorn<\/td><\/tr><tr><td>&nbsp;<\/td><td>Dritter Lego-Workshop f\u00fcr Kinder in Oberkorn<\/td><\/tr><tr><td>09.11.2012<\/td><td>Teilnahme am &#8220;34sten Deifferdenger Advents Konschthandwierkermoart&#8221;<\/td><\/tr><tr><td>10.11.2012<\/td><td>Teilnahme am &#8220;34sten Deifferdenger Advents Konschthandwierkermoart&#8221;<\/td><\/tr><tr><td>11.11.2012<\/td><td>Teilnahme am &#8220;34sten Deifferdenger Advents Konschthandwierkermoart&#8221;<\/td><\/tr><tr><td>18.11.2012<\/td><td>Besuch Expo-Lego Lorraine Frouard 2012<\/td><\/tr><tr><td>23.11.2012<\/td><td>Besuch der Lego Fanwelt 2012 K\u00f6ln Messegel\u00e4nde<\/td><\/tr><tr><td>01.12.2012<\/td><td>Teilnahme an der Lego-Expo-Bourse organiseiert von der Legofrenn Letzebuerg a.s.b.l.<\/td><\/tr><tr><td>02.12.2012<\/td><td>Teilnahme an der Lego-Expo-Bourse organiseiert von der Legofrenn Letzebuerg a.s.b.l.<\/td><\/tr><tr><td>18.12.2012<\/td><td>Besuch Lego Store K\u00f6ln<\/td><\/tr><\/tbody><\/table><\/figure>\n","protected":false},"excerpt":{"rendered":"<p>Gr\u00fcndung der LuxLug a.s.b.l. Anno 2010 wurde unser Verein am 6. Dezember gegr\u00fcndet und offiziell am 24. Dezember anerkannt als a.s.b.l. seitens der zust\u00e4ndigen Beh\u00f6rden. Anfangs bestehend aus 5 Lego-Passionnierten Mitgliedern bestand nicht nur die Idee zur Gr\u00fcndung eines simplen Lego-Vereins, sondern die schrittweise Gr\u00fcndung einer international anerkannten Lug (Lego User Group), welche mit anderen [&hellip;]<\/p>\n","protected":false},"author":1,"featured_media":0,"parent":0,"menu_order":0,"comment_status":"closed","ping_status":"closed","template":"","meta":{"footnotes":""},"class_list":["post-16","page","type-page","status-publish","hentry"],"_links":{"self":[{"href":"https:\/\/www.luxlug.lu\/index.php\/wp-json\/wp\/v2\/pages\/16","targetHints":{"allow":["GET"]}}],"collection":[{"href":"https:\/\/www.luxlug.lu\/index.php\/wp-json\/wp\/v2\/pages"}],"about":[{"href":"https:\/\/www.luxlug.lu\/index.php\/wp-json\/wp\/v2\/types\/page"}],"author":[{"embeddable":true,"href":"https:\/\/www.luxlug.lu\/index.php\/wp-json\/wp\/v2\/users\/1"}],"replies":[{"embeddable":true,"href":"https:\/\/www.luxlug.lu\/index.php\/wp-json\/wp\/v2\/comments?post=16"}],"version-history":[{"count":1,"href":"https:\/\/www.luxlug.lu\/index.php\/wp-json\/wp\/v2\/pages\/16\/revisions"}],"predecessor-version":[{"id":17,"href":"https:\/\/www.luxlug.lu\/index.php\/wp-json\/wp\/v2\/pages\/16\/revisions\/17"}],"wp:attachment":[{"href":"https:\/\/www.luxlug.lu\/index.php\/wp-json\/wp\/v2\/media?parent=16"}],"curies":[{"name":"wp","href":"https:\/\/api.w.org\/{rel}","templated":true}]}}